 8.
140
What is 4 (base 11) in base 5?
4
Convert -212 (base 4) to base 2.
-100110
-304 (base 7) to base 4
-2113
What is -6 (base 13) in base 16?
-6
Convert -133 (base 12) to base 15.
-c3
Convert -122 (base 3) to base 2.
-10001
What is -4 (base 9) in base 4?
-10
What is a (base 13) in base 2?
1010
What is 4 (base 9) in base 5?
4
Convert -34 (base 8) to base 2.
-11100
Convert -82 (base 13) to base 3.
-10221
Convert 1011 (base 2) to base 9.
12
What is 110 (base 2) in base 12?
6
-29 (base 15) to base 12
-33
-11 (base 2) to base 5
-3
105 (base 10) to base 2
1101001
-1e (base 15) to base 3
-1002
What is 6 (base 8) in base 16?
6
23 (base 4) to base 14
b
What is 1 (base 9) in base 8?
1
What is -3 (base 14) in base 6?
-3
Convert -1e (base 15) to base 2.
-11101
1 (base 7) to base 9
1
a (base 13) to base 8
12
What is 9 (base 11) in base 13?
9
14 (base 5) to base 14
9
What is 0 (base 2) in base 16?
0
What is -122 (base 7) in base 15?
-45
What is -5 (base 9) in base 3?
-12
Convert -1 (base 7) to base 4.
-1
What is 1011010 (base 2) in base 6?
230
-14 (base 8) to base 12
-10
4 (base 9) to base 16
4
What is -5 (base 11) in base 5?
-10
6 (base 14) to base 5
11
-122 (base 3) to base 13
-14
What is 0 (base 9) in base 4?
0
1d (base 14) to base 13
21
-5 (base 13) to base 11
-5
a4 (base 12) to base 6
324
What is -10 (base 2) in base 5?
-2
1 (base 16) to base 6
1
Convert 1120 (base 5) to base 11.
136
What is a (base 12) in base 6?
14
What is -233 (base 9) in base 8?
-300
-342 (base 9) to base 7
-551
-100000101 (base 2) to base 9
-320
What is 325 (base 6) in base 8?
175
11 (base 2) to base 14
3
What is 2 (base 11) in base 9?
2
Convert -2 (base 13) to base 4.
-2
-5 (base 7) to base 10
-5
-87 (base 10) to base 2
-1010111
-121 (base 5) to base 14
-28
What is d (base 15) in base 16?
d
What is -13 (base 6) in base 3?
-100
Convert 3a (base 15) to base 5.
210
2 (base 7) to base 14
2
Convert 100 (base 2) to base 16.
4
Convert 2 (base 7) to base 4.
2
Convert -b (base 13) to base 11.
-10
-164 (base 10) to base 8
-244
Convert 24 (base 14) to base 13.
26
What is -2 (base 13) in base 15?
-2
-3 (base 8) to base 13
-3
What is -176 (base 8) in base 15?
-86
Convert -232 (base 6) to base 11.
-84
What is 20 (base 13) in base 7?
35
What is -2 (base 14) in base 10?
-2
What is 21 (base 5) in base 4?
23
-1 (base 10) to base 6
-1
What is 40 (base 7) in base 4?
130
Convert 1120 (base 4) to base 3.
10021
Convert -2 (base 7) to base 10.
-2
What is 10 (base 2) in base 9?
2
40 (base 16) to base 10
64
What is 4 (base 16) in base 11?
4
What is 21 (base 3) in base 15?
7
What is 5 (base 12) in base 6?
5
Convert 114 (base 7) to base 16.
3c
What is 4 (base 5) in base 9?
4
3 (base 13) to base 16
3
What is -4 (base 6) in base 13?
-4
Convert 21 (base 11) to base 6.
35
Convert -152 (base 7) to base 9.
-105
42 (base 7) to base 6
50
What is 91 (base 14) in base 10?
127
0 (base 10) to base 3
0
Convert -3 (base 13) to base 6.
-3
What is 523 (base 6) in base 9?
236
What is 6 (base 15) in base 2?
110
What is -1 (base 6) in base 13?
-1
1 (base 5) to base 14
1
Convert 24 (base 9) to base 11.
20
What is -100 (base 2) in base 3?
-11
Convert 33 (base 8) to base 16.
1b
What is -2 (base 10) in base 2?
-10
What is -3 (base 13) in base 15?
-3
What is -2 (base 13) in base 10?
-2
10 (base 3) to base 12
3
What is 503 (base 7) in base 14?
13a
What is -20 (base 12) in base 8?
-30
What is 67 (base 15) in base 11?
89
What is 11 (base 2) in base 5?
3
Convert 116 (base 10) to base 6.
312
Convert -325 (base 6) to base 11.
-104
Convert -10 (base 2) to base 12.
-2
Convert -26 (base 12) to base 7.
-42
Convert -53 (base 10) to base 16.
-35
Convert 12 (base 7) to base 10.
9
22 (base 16) to base 9
37
Convert -19 (base 12) to base 6.
-33
What is -34 (base 10) in base 2?
-100010
-7 (base 16) to base 11
-7
What is 2 (base 6) in base 10?
2
24 (base 14) to base 7
44
Convert -b (base 14) to base 16.
-b
What is 168 (base 9) in base 11?
120
39 (base 11) to base 12
36
Convert -6 (base 15) to base 10.
-6
What is 0 (base 2) in base 8?
0
18 (base 13) to base 4
111
Convert -10 (base 3) to base 7.
-3
-101001 (base 2) to base 4
-221
What is -45 (base 16) in base 12?
-59
Convert -1 (base 13) to base 15.
-1
What is 51 (base 12) in base 16?
3d
Convert 1 (base 6) to base 9.
1
1 (base 14) to base 6
1
What is 3 (base 16) in base 7?
3
-209 (base 12) to base 6
-1213
What is 54 (base 6) in base 12?
2a
-18 (base 12) to base 11
-19
Convert -3111 (base 4) to base 8.
-325
Convert -3 (base 11) to base 10.
-3
Convert 65 (base 14) to base 16.
59
Convert 1404 (base 5) to base 4.
3211
11010101 (base 2) to base 6
553
-9 (base 10) to base 9
-10
What is -1020 (base 7) in base 13?
-216
What is 22 (base 3) in base 9?
8
-110111 (base 2) to base 11
-50
Convert ed (base 15) to base 8.
337
What is 243 (base 5) in base 12?
61
Convert 1013 (base 6) to base 9.
270
What is -56 (base 12) in base 8?
-102
Convert -243 (base 10) to base 15.
-113
What is 342 (base 5) in base 13?
76
What is 2 (base 14) in base 8?
2
63 (base 12) to base 11
69
Convert 1001000 (base 2) to base 3.
2200
Convert -202 (base 4) to base 15.
-24
What is -1 (base 16) in base 8?
-1
-1 (base 4) to base 15
-1
b (base 15) to base 12
b
-21 (base 11) to base 6
-35
What is -123 (base 5) in base 10?
-38
Convert -1000101 (base 2) to base 12.
-59
2 (base 4) to base 12
2
Convert -1 (base 8) to base 10.
-1
100 (base 5) to base 15
1a
What is -1000001 (base 2) in base 8?
-101
What is 44 (base 6) in base 16?
1c
0 (base 16) to base 5
0
What is -2b (base 15) in base 12?
-35
What is 1020 (base 4) in base 14?
52
What is a7 (base 12) in base 8?
177
Convert -1 (base 4) to base 8.
-1
What is a (base 15) in base 6?
14
What is 15 (base 6) in base 15?
b
Convert 10212 (base 3) to base 7.
206
-10022 (base 4) to base 7
-530
301 (base 10) to base 3
102011
What is -1010 (base 2) in base 12?
-a
Convert -1 (base 13) to base 16.
-1
0 (base 3) to base 12
0
12 (base 8) to base 2
1010
What is 1 (base 10) in base 12?
1
4 (base 13) to base 5
4
37 (base 10) to base 5
122
3 (base 7) to base 8
3
Convert -3 (base 5) to base 11.
-3
131 (base 8) to base 11
81
Convert 5 (base 14) to base 16.
5
-1111 (base 2) to base 14
-11
Convert 8 (base 15) to base 5.
13
Convert 2 (base 14) to base 11.
2
-1111110 (base 2) to base 9
-150
1a (base 12) to base 16
16
Convert -56 (base 7) to base 12.
-35
-2 (base 14) to base 8
-2
Convert -55 (base 6) to base 13.
-29
What is -10 (base 15) in base 2?
-1111
What is -10 (base 5) in base 8?
-5
-24 (base 8) to base 2
-10100
What is 1 (base 2) in base 4?
1
Convert -12 (base 4) to base 2.
-110
a (base 14) to base 7
13
What is -4b (base 13) in base 14?
-47
-10 (base 3) to base 15
-3
What is -230 (base 7) in base 16?
-77
What is -10 (base 14) in base 5?
-24
15 (base 6) to base 13
b
What is 4 (base 7) in base 8?
4
What is 56 (base 9) in base 8?
63
Convert 1 (base 6) to base 2.
1
Convert 7 (base 13) to base 7.
10
What is 20010 (base 3) in base 14?
bb
323 (base 4) to base 10
59
Convert 1000 (base 2) to base 16.
8
What is -3 (base 11) in base 6?
-3
-4 (base 7) to base 16
-4
Convert -2 (base 5) to base 16.
-2
-103 (base 7) to base 13
-40
131 (base 7) to base 16
47
Convert -8 (base 10) to base 7.
-11
What is -3 (base 11) in base 14?
-3
What is b (base 16) in base 2?
1011
-100001 (base 2) to base 14
-25
What is 28 (base 15) in base 5?
123
-2 (base 9) to base 11
-2
-5 (base 16) to base 7
-5
Convert 9 (base 12) to base 8.
11
Convert -3b (base 14) to base 3.
-1222
What is 0 (base 15) in base 5?
0
Convert -3 (base 5) to base 9.
-3
Convert 2e (base 15) to base 9.
48
11101 (base 2) to base 12
25
Convert 2010 (base 3) to base 14.
41
Convert -101 (base 4) to base 2.
-10001
Convert 10010 (base 3) to base 15.
59
What is -53 (base 10) in base 12?
-45
Convert 3 (base 6) to base 2.
11
Convert 2 (base 13) to base 5.
2
-1 (base 5) to base 13
-1
What is 11 (base 2) in base 16?
3
Convert 2 (base 14) to base 11.
2
-10222 (base 3) to base 12
-8b
What is 2 (base 11) in base 6?
2
What is 16 (base 7) in base 10?
13
What is c6 (base 13) in base 5?
1122
Convert 2 (base 3) to base 11.
2
What is 2 (base 4) in base 16?
2
What is 186 (base 16) in base 7?
1065
Convert 33 (base 10) to base 16.
21
Convert 0 (base 10) to base 7.
0
-1c9 (base 13) to base 6
-1314
Convert 3